{"id":91,"date":"2023-06-02T03:24:39","date_gmt":"2023-06-02T03:24:39","guid":{"rendered":"https:\/\/fjolamesa.edu.co\/?page_id=91"},"modified":"2023-06-02T03:24:39","modified_gmt":"2023-06-02T03:24:39","slug":"quienes-somos","status":"publish","type":"page","link":"https:\/\/fjolamesa.edu.co\/?page_id=91","title":{"rendered":"QUIENES SOMOS"},"content":{"rendered":"\n<p><strong>HORIZONTE INSTITUCIONAL<br>VISI\u00d3N<\/strong><br>En el a\u00f1o 2025 seremos una Instituci\u00f3n Educativa de car\u00e1cter t\u00e9cnico diversificada, biling\u00fce, innovadora, creativa, eficiente, generadora de investigaci\u00f3n y conocimiento, modelo en la formaci\u00f3n de j\u00f3venes sensibles, aut\u00f3nomos y emprendedores que interact\u00faen con una visi\u00f3n global orientada al desarrollo de su proyecto de vida<\/p>\n\n\n\n<p><strong>MISI\u00d3N<\/strong><br>Somos una Instituci\u00f3n Educativa oficial de car\u00e1cter t\u00e9cnico que orienta procesos integrales de ense\u00f1anza\u2013 aprendizaje para ni\u00f1os, ni\u00f1as, adolescentes, j\u00f3venes, adultos y poblaci\u00f3n diversa a partir de un curr\u00edculo flexible, capaces de innovar y afrontar los retos del siglo XXI<\/p>\n\n\n\n<p><strong>OBJETIVOS INSTITUCIONALES<\/strong><\/p>\n\n\n\n<ol class=\"wp-block-list\">\n<li>Desarrollar en toda la comunidad una cultura de satisfacci\u00f3n en el servicio educativo.<\/li>\n\n\n\n<li>Desarrollar la mejora continua como cultura institucional, con programas de capacitaci\u00f3n permanentes, ambientes escolares adecuados, formaci\u00f3n en valores y alta exigencia acad\u00e9mica respondiendo a los est\u00e1ndares de calidad.<\/li>\n\n\n\n<li>Fomentar, fortalecer y articular acciones de diferentes instancias institucionales para la convivencia escolar, la construcci\u00f3n de ciudadan\u00eda y la educaci\u00f3n para el ejercicio de los derechos humanos, sexuales y reproductivos de los ni\u00f1os, ni\u00f1as y adolescentes de los niveles educativos de preescolar, b\u00e1sica y media.<\/li>\n<\/ol>\n\n\n\n<p><br><strong>VALORES INSTITUCIONALES.<\/strong><\/p>\n\n\n\n<p><strong>La Fe:<\/strong> Convicci\u00f3n de las habilidades y destrezas que posee el ser humano como don divino y de las metas que puede alcanzar con ellas. Se considera adem\u00e1s que \u00e9sta es esa actitud que posee el ser humano de manera voluntaria e inteligente hacia el creer en la persona, los preceptos y las ideas.<br><strong>Respeto:<\/strong> Tratar a los dem\u00e1s como si fueran otro yo, de acuerdo a su dignidad. Es la base fundamental para una convivencia sana y pac\u00edfica entre los miembros de una sociedad.<br><strong>Solidaridad:<\/strong> Uni\u00f3n de esfuerzos para alcanzar un prop\u00f3sito com\u00fan en beneficio de una comunidad.<br><strong>Responsabilidad:<\/strong> Capacidad existente en todo sujeto activo de derecho para reconocer y aceptar las consecuencias de un hecho realizado libremente.<br><strong>Tolerancia:<\/strong> Reconocimiento de los otros como seres humanos con derecho a ser aceptados en su individualidad y diferencia.<br><strong>Trabajo: <\/strong>Actividad que dignifica al hombre y lo conduce al progreso. Esfuerzo que hacemos para conseguir algo por nosotros mismos o con la ayuda de los dem\u00e1s. El trabajo es una fuerza con gran poder de transformaci\u00f3n, que ha llevado a la persona a altos niveles de desarrollo.<br><strong>Investigaci\u00f3n como saber: <\/strong>Realizar actividades intelectuales y experimentales de modo sistem\u00e1tico con el prop\u00f3sito de aumentar los conocimientos sobre una determinada \u00e1rea.<\/p>\n","protected":false},"excerpt":{"rendered":"<p>HORIZONTE INSTITUCIONALVISI\u00d3NEn el a\u00f1o 2025 seremos una Instituci\u00f3n Educativa de car\u00e1cter t\u00e9cnico diversificada, biling\u00fce, innovadora, creativa, eficiente, generadora de investigaci\u00f3n y conocimiento, modelo en la formaci\u00f3n de j\u00f3venes sensibles, aut\u00f3nomos y emprendedores que interact\u00faen con una visi\u00f3n global orientada al desarrollo de su proyecto de vida MISI\u00d3NSomos una Instituci\u00f3n Educativa oficial de car\u00e1cter t\u00e9cnico que &hellip; <\/p>\n<p class=\"link-more\"><a href=\"https:\/\/fjolamesa.edu.co\/?page_id=91\" class=\"more-link\">Continuar leyendo<span class=\"screen-reader-text\"> &#8220;QUIENES SOMOS&#8221;<\/span><\/a><\/p>\n","protected":false},"author":1,"featured_media":0,"parent":0,"menu_order":0,"comment_status":"closed","ping_status":"closed","template":"","meta":{"footnotes":""},"class_list":["post-91","page","type-page","status-publish","hentry"],"_links":{"self":[{"href":"https:\/\/fjolamesa.edu.co\/index.php?rest_route=\/wp\/v2\/pages\/91","targetHints":{"allow":["GET"]}}],"collection":[{"href":"https:\/\/fjolamesa.edu.co\/index.php?rest_route=\/wp\/v2\/pages"}],"about":[{"href":"https:\/\/fjolamesa.edu.co\/index.php?rest_route=\/wp\/v2\/types\/page"}],"author":[{"embeddable":true,"href":"https:\/\/fjolamesa.edu.co\/index.php?rest_route=\/wp\/v2\/users\/1"}],"replies":[{"embeddable":true,"href":"https:\/\/fjolamesa.edu.co\/index.php?rest_route=%2Fwp%2Fv2%2Fcomments&post=91"}],"version-history":[{"count":1,"href":"https:\/\/fjolamesa.edu.co\/index.php?rest_route=\/wp\/v2\/pages\/91\/revisions"}],"predecessor-version":[{"id":93,"href":"https:\/\/fjolamesa.edu.co\/index.php?rest_route=\/wp\/v2\/pages\/91\/revisions\/93"}],"wp:attachment":[{"href":"https:\/\/fjolamesa.edu.co\/index.php?rest_route=%2Fwp%2Fv2%2Fmedia&parent=91"}],"curies":[{"name":"wp","href":"https:\/\/api.w.org\/{rel}","templated":true}]}}